{"id":222,"date":"2022-11-05T15:12:16","date_gmt":"2022-11-05T15:12:16","guid":{"rendered":"https:\/\/maison-kayser.ma\/index.php\/about-us\/"},"modified":"2023-10-10T15:10:57","modified_gmt":"2023-10-10T15:10:57","slug":"notre-histoire","status":"publish","type":"page","link":"https:\/\/maison-kayser.ma\/index.php\/notre-histoire\/","title":{"rendered":"Histoire"},"content":{"rendered":"\t\t<div data-elementor-type=\"wp-page\" data-elementor-id=\"222\" class=\"elementor elementor-222\">\n\t\t\t\t\t\t\t\t\t<div class=\"elementor-section elementor-top-section elementor-element elementor-element-a76ba21 elementor-section-full_width elementor-section-height-default elementor-section-height-default\" data-id=\"a76ba21\" data-element_type=\"section\" data-settings=\"{&quot;background_background&quot;:&quot;classic&quot;}\">\n\t\t\t\t\t\t\t<div class=\"elementor-background-overlay\"><\/div>\n\t\t\t\t\t\t\t<div class=\"elementor-container elementor-column-gap-default\">\n\t\t\t\t\t<div class=\"elementor-column elementor-col-100 elementor-top-column elementor-element elementor-element-bd9755a\" data-id=\"bd9755a\" data-element_type=\"column\">\n\t\t\t<div class=\"elementor-widget-wrap elementor-element-populated\">\n\t\t\t\t\t\t\t\t<div class=\"elementor-element elementor-element-9ba2025 elementor-widget__width-initial elementor-widget-tablet__width-initial elementor-widget-mobile__width-initial elementor-widget elementor-widget-heading\" data-id=\"9ba2025\" data-element_type=\"widget\" data-widget_type=\"heading.default\">\n\t\t\t\t<div class=\"elementor-widget-container\">\n\t\t\t<style>\/*! elementor - v3.16.0 - 12-09-2023 *\/\n.elementor-heading-title{padding:0;margin:0;line-height:1}.elementor-widget-heading .elementor-heading-title[class*=elementor-size-]>a{color:inherit;font-size:inherit;line-height:inherit}.elementor-widget-heading .elementor-heading-title.elementor-size-small{font-size:15px}.elementor-widget-heading .elementor-heading-title.elementor-size-medium{font-size:19px}.elementor-widget-heading .elementor-heading-title.elementor-size-large{font-size:29px}.elementor-widget-heading .elementor-heading-title.elementor-size-xl{font-size:39px}.elementor-widget-heading .elementor-heading-title.elementor-size-xxl{font-size:59px}<\/style><h1 class=\"elementor-heading-title elementor-size-default\">Notre Histoire<\/h1>\t\t<\/div>\n\t\t\t\t<\/div>\n\t\t\t\t\t<\/div>\n\t\t<\/div>\n\t\t\t\t\t\t\t<\/div>\n\t\t<\/div>\n\t\t\t\t<div class=\"elementor-section elementor-top-section elementor-element elementor-element-fd5e7f2 elementor-section-boxed elementor-section-height-default elementor-section-height-default\" data-id=\"fd5e7f2\" data-element_type=\"section\" data-settings=\"{&quot;background_background&quot;:&quot;classic&quot;}\">\n\t\t\t\t\t\t<div class=\"elementor-container elementor-column-gap-default\">\n\t\t\t\t\t<div class=\"elementor-column elementor-col-100 elementor-top-column elementor-element elementor-element-f1f9440\" data-id=\"f1f9440\" data-element_type=\"column\">\n\t\t\t<div class=\"elementor-widget-wrap elementor-element-populated\">\n\t\t\t\t\t\t\t\t<div class=\"elementor-element elementor-element-fa14cd3 elementor-widget__width-initial elementor-widget-tablet__width-initial elementor-widget elementor-widget-heading\" data-id=\"fa14cd3\" data-element_type=\"widget\" data-widget_type=\"heading.default\">\n\t\t\t\t<div class=\"elementor-widget-container\">\n\t\t\t<h3 class=\"elementor-heading-title elementor-size-default\">L'histoire de la Maison Kayser a commenc\u00e9 \u00e0 s'\u00e9crire au 8 rue Monge un certain vendredi 13 septembre 1996, ce n\u2019est en d\u00e9finitive que la suite logique d'un parcours entam\u00e9 par un homme depuis son plus jeune \u00e2ge.\n\n<\/h3>\t\t<\/div>\n\t\t\t\t<\/div>\n\t\t\t\t\t<\/div>\n\t\t<\/div>\n\t\t\t\t\t\t\t<\/div>\n\t\t<\/div>\n\t\t\t\t<section class=\"elementor-section elementor-top-section elementor-element elementor-element-8454675 elementor-section-full_width elementor-reverse-tablet elementor-reverse-mobile elementor-section-height-default elementor-section-height-default\" data-id=\"8454675\" data-element_type=\"section\" data-settings=\"{&quot;background_background&quot;:&quot;classic&quot;}\">\n\t\t\t\t\t\t<div class=\"elementor-container elementor-column-gap-default\">\n\t\t\t\t\t<div class=\"elementor-column elementor-col-50 elementor-top-column elementor-element elementor-element-161a229\" data-id=\"161a229\" data-element_type=\"column\" data-settings=\"{&quot;background_background&quot;:&quot;classic&quot;}\">\n\t\t\t<div class=\"elementor-widget-wrap elementor-element-populated\">\n\t\t\t\t\t\t\t\t<div class=\"elementor-element elementor-element-5316cb3 elementor-widget elementor-widget-heading\" data-id=\"5316cb3\" data-element_type=\"widget\" data-widget_type=\"heading.default\">\n\t\t\t\t<div class=\"elementor-widget-container\">\n\t\t\t<h3 class=\"elementor-heading-title elementor-size-default\">Redonner go\u00fbt au pain\u200b<\/h3>\t\t<\/div>\n\t\t\t\t<\/div>\n\t\t\t\t<div class=\"elementor-element elementor-element-adee15d elementor-widget__width-initial elementor-widget elementor-widget-text-editor\" data-id=\"adee15d\" data-element_type=\"widget\" data-widget_type=\"text-editor.default\">\n\t\t\t\t<div class=\"elementor-widget-container\">\n\t\t\t<style>\/*! elementor - v3.16.0 - 12-09-2023 *\/\n.elementor-widget-text-editor.elementor-drop-cap-view-stacked .elementor-drop-cap{background-color:#69727d;color:#fff}.elementor-widget-text-editor.elementor-drop-cap-view-framed .elementor-drop-cap{color:#69727d;border:3px solid;background-color:transparent}.elementor-widget-text-editor:not(.elementor-drop-cap-view-default) .elementor-drop-cap{margin-top:8px}.elementor-widget-text-editor:not(.elementor-drop-cap-view-default) .elementor-drop-cap-letter{width:1em;height:1em}.elementor-widget-text-editor .elementor-drop-cap{float:left;text-align:center;line-height:1;font-size:50px}.elementor-widget-text-editor .elementor-drop-cap-letter{display:inline-block}<\/style>\t\t\t\t<div class=\"vce-row-container\"><div id=\"el-602858d6\" class=\"vce-row vce-row--col-gap-30 vce-row-columns--top vce-row-content--top\" data-vce-do-apply=\"all el-602858d6\"><div class=\"vce-row-content\" data-vce-element-content=\"true\"><div id=\"el-c4656a44\" class=\"vce-col vce-col--md-100p vce-col--xs-1 vce-col--xs-last vce-col--xs-first vce-col--sm-last vce-col--sm-first vce-col--md-last vce-col--lg-last vce-col--xl-last vce-col--md-first vce-col--lg-first vce-col--xl-first\" data-vce-do-apply=\"background el-c4656a44\"><div class=\"vce-col-inner\" data-vce-element-content=\"true\" data-vce-do-apply=\"padding margin border el-c4656a44\"><div class=\"vce-text-block\"><div id=\"el-3681359b\" class=\"vce-text-block-wrapper vce\" data-vce-do-apply=\"all el-3681359b\"><p>Au d\u00e9but des ann\u00e9es 1990, bien peu croyaient au retour d\u2019un pain de grande qualit\u00e9. \u00c9ric Kayser a \u00e9t\u00e9 de ceux-ci. Il a pari\u00e9 sur le d\u00e9veloppement du pain dit \u00abde tradition\u00bb, r\u00e9alis\u00e9 \u00e0 partir de farines de bl\u00e9s fran\u00e7ais d\u00e9pourvues d\u2019additif et \u00e9labor\u00e9es \u00e0 partir de bl\u00e9s s\u00e9lectionn\u00e9s et de levain; un agent de fermentation vivant qui accro\u00eet le go\u00fbt et la conservation du pain. Il f\u00fbt formateur pendant pr\u00e8s de 10 ans \u00e0 l\u2019Institut National de la Boulangerie-P\u00e2tisserie (INBP), puis au sein de sa propre entit\u00e9 de conseil. S\u2019ensuit une d\u00e9marche de partage et d\u2019\u00e9changes aupr\u00e8s de boulangers du monde entier. Depuis, ses m\u00e9thodes sont reproduites \u00e0 travers le monde, o\u00f9 il fait rayonner le savoir-faire fran\u00e7ais.<\/p><\/div><\/div><\/div><\/div><\/div><\/div><\/div><div class=\"vce-row-container\"><div id=\"el-70eb05a4\" class=\"vce-row vce-row--col-gap-30 vce-row-columns--top vce-row-content--top\" data-vce-do-apply=\"all el-70eb05a4\">\u00a0<\/div><\/div>\t\t\t\t\t\t<\/div>\n\t\t\t\t<\/div>\n\t\t\t\t\t<\/div>\n\t\t<\/div>\n\t\t\t\t<div class=\"elementor-column elementor-col-50 elementor-top-column elementor-element elementor-element-d8ce407\" data-id=\"d8ce407\" data-element_type=\"column\">\n\t\t\t<div class=\"elementor-widget-wrap elementor-element-populated\">\n\t\t\t\t\t\t\t\t<div class=\"elementor-element elementor-element-4444ea3 elementor-widget elementor-widget-image\" data-id=\"4444ea3\" data-element_type=\"widget\" data-widget_type=\"image.default\">\n\t\t\t\t<div class=\"elementor-widget-container\">\n\t\t\t<style>\/*! elementor - v3.16.0 - 12-09-2023 *\/\n.elementor-widget-image{text-align:center}.elementor-widget-image a{display:inline-block}.elementor-widget-image a img[src$=\".svg\"]{width:48px}.elementor-widget-image img{vertical-align:middle;display:inline-block}<\/style>\t\t\t\t\t\t\t\t\t\t\t\t<img decoding=\"async\" loading=\"lazy\" width=\"1410\" height=\"1350\" src=\"https:\/\/maison-kayser.ma\/wp-content\/uploads\/2023\/09\/kaysr.jpg\" class=\"attachment-full size-full wp-image-443\" alt=\"\" srcset=\"https:\/\/maison-kayser.ma\/wp-content\/uploads\/2023\/09\/kaysr.jpg 1410w, https:\/\/maison-kayser.ma\/wp-content\/uploads\/2023\/09\/kaysr-300x287.jpg 300w, https:\/\/maison-kayser.ma\/wp-content\/uploads\/2023\/09\/kaysr-1024x980.jpg 1024w, https:\/\/maison-kayser.ma\/wp-content\/uploads\/2023\/09\/kaysr-768x735.jpg 768w, https:\/\/maison-kayser.ma\/wp-content\/uploads\/2023\/09\/kaysr-650x622.jpg 650w\" sizes=\"(max-width: 1410px) 100vw, 1410px\" \/>\t\t\t\t\t\t\t\t\t\t\t\t\t\t\t<\/div>\n\t\t\t\t<\/div>\n\t\t\t\t\t<\/div>\n\t\t<\/div>\n\t\t\t\t\t\t\t<\/div>\n\t\t<\/section>\n\t\t\t\t<section class=\"elementor-section elementor-top-section elementor-element elementor-element-27cf731 elementor-section-full_width elementor-section-height-default elementor-section-height-default\" data-id=\"27cf731\" data-element_type=\"section\" data-settings=\"{&quot;background_background&quot;:&quot;classic&quot;}\">\n\t\t\t\t\t\t<div class=\"elementor-container elementor-column-gap-default\">\n\t\t\t\t\t<div class=\"elementor-column elementor-col-50 elementor-top-column elementor-element elementor-element-fbb0ef2\" data-id=\"fbb0ef2\" data-element_type=\"column\">\n\t\t\t<div class=\"elementor-widget-wrap elementor-element-populated\">\n\t\t\t\t\t\t\t\t<div class=\"elementor-element elementor-element-cce1e62 elementor-widget elementor-widget-image\" data-id=\"cce1e62\" data-element_type=\"widget\" data-widget_type=\"image.default\">\n\t\t\t\t<div class=\"elementor-widget-container\">\n\t\t\t\t\t\t\t\t\t\t\t\t\t\t\t<img decoding=\"async\" loading=\"lazy\" width=\"1410\" height=\"1350\" src=\"https:\/\/maison-kayser.ma\/wp-content\/uploads\/2023\/09\/ferm.jpg\" class=\"attachment-full size-full wp-image-342\" alt=\"\" srcset=\"https:\/\/maison-kayser.ma\/wp-content\/uploads\/2023\/09\/ferm.jpg 1410w, https:\/\/maison-kayser.ma\/wp-content\/uploads\/2023\/09\/ferm-300x287.jpg 300w, https:\/\/maison-kayser.ma\/wp-content\/uploads\/2023\/09\/ferm-1024x980.jpg 1024w, https:\/\/maison-kayser.ma\/wp-content\/uploads\/2023\/09\/ferm-768x735.jpg 768w, https:\/\/maison-kayser.ma\/wp-content\/uploads\/2023\/09\/ferm-650x622.jpg 650w\" sizes=\"(max-width: 1410px) 100vw, 1410px\" \/>\t\t\t\t\t\t\t\t\t\t\t\t\t\t\t<\/div>\n\t\t\t\t<\/div>\n\t\t\t\t\t<\/div>\n\t\t<\/div>\n\t\t\t\t<div class=\"elementor-column elementor-col-50 elementor-top-column elementor-element elementor-element-404bc6e\" data-id=\"404bc6e\" data-element_type=\"column\" data-settings=\"{&quot;background_background&quot;:&quot;classic&quot;}\">\n\t\t\t<div class=\"elementor-widget-wrap elementor-element-populated\">\n\t\t\t\t\t\t\t\t<div class=\"elementor-element elementor-element-541c20a elementor-widget elementor-widget-heading\" data-id=\"541c20a\" data-element_type=\"widget\" data-widget_type=\"heading.default\">\n\t\t\t\t<div class=\"elementor-widget-container\">\n\t\t\t<h3 class=\"elementor-heading-title elementor-size-default\">Le fermentolevain<\/h3>\t\t<\/div>\n\t\t\t\t<\/div>\n\t\t\t\t<div class=\"elementor-element elementor-element-f8d65a3 elementor-widget__width-initial elementor-widget elementor-widget-text-editor\" data-id=\"f8d65a3\" data-element_type=\"widget\" data-widget_type=\"text-editor.default\">\n\t\t\t\t<div class=\"elementor-widget-container\">\n\t\t\t\t\t\t\t<p>Mati\u00e8re vivante et fragile, le levain n\u00e9cessite des soins jour et nuit de la part de l&rsquo;Artisan Boulanger : Un engagement contraignant qui explique pourquoi de nombreux boulangers se tournent vers une levure industrielle moins exigeante en soins.<\/p><p>Eric Kayser a surmont\u00e9 cette contrainte en mettant la technologie au service de la qualit\u00e9. En 1994, il con\u00e7oit le Fermentolevain avec Patrick Castagna, une machine intelligente qui assure les meilleures conditions de temp\u00e9rature et d&rsquo;humidit\u00e9, ce qui contribue \u00e0 produire un levain de la meilleure qualit\u00e9.\u00a0<\/p>\t\t\t\t\t\t<\/div>\n\t\t\t\t<\/div>\n\t\t\t\t\t<\/div>\n\t\t<\/div>\n\t\t\t\t\t\t\t<\/div>\n\t\t<\/section>\n\t\t\t\t<section class=\"elementor-section elementor-top-section elementor-element elementor-element-760cf78 elementor-section-full_width elementor-reverse-tablet elementor-reverse-mobile elementor-section-height-default elementor-section-height-default\" data-id=\"760cf78\" data-element_type=\"section\" data-settings=\"{&quot;background_background&quot;:&quot;classic&quot;}\">\n\t\t\t\t\t\t<div class=\"elementor-container elementor-column-gap-default\">\n\t\t\t\t\t<div class=\"elementor-column elementor-col-50 elementor-top-column elementor-element elementor-element-f6edf9b\" data-id=\"f6edf9b\" data-element_type=\"column\" data-settings=\"{&quot;background_background&quot;:&quot;classic&quot;}\">\n\t\t\t<div class=\"elementor-widget-wrap elementor-element-populated\">\n\t\t\t\t\t\t\t\t<div class=\"elementor-element elementor-element-55d079a elementor-widget elementor-widget-heading\" data-id=\"55d079a\" data-element_type=\"widget\" data-widget_type=\"heading.default\">\n\t\t\t\t<div class=\"elementor-widget-container\">\n\t\t\t<h3 class=\"elementor-heading-title elementor-size-default\">Evolution des produits sans gluten<\/h3>\t\t<\/div>\n\t\t\t\t<\/div>\n\t\t\t\t<div class=\"elementor-element elementor-element-b6b1982 elementor-widget__width-initial elementor-widget elementor-widget-text-editor\" data-id=\"b6b1982\" data-element_type=\"widget\" data-widget_type=\"text-editor.default\">\n\t\t\t\t<div class=\"elementor-widget-container\">\n\t\t\t\t\t\t\t<div class=\"vce-row-container\"><div id=\"el-602858d6\" class=\"vce-row vce-row--col-gap-30 vce-row-columns--top vce-row-content--top\" data-vce-do-apply=\"all el-602858d6\"><div class=\"vce-row-content\" data-vce-element-content=\"true\"><div id=\"el-c4656a44\" class=\"vce-col vce-col--md-100p vce-col--xs-1 vce-col--xs-last vce-col--xs-first vce-col--sm-last vce-col--sm-first vce-col--md-last vce-col--lg-last vce-col--xl-last vce-col--md-first vce-col--lg-first vce-col--xl-first\" data-vce-do-apply=\"background el-c4656a44\"><div class=\"vce-col-inner\" data-vce-element-content=\"true\" data-vce-do-apply=\"padding margin border el-c4656a44\"><div class=\"vce-text-block\"><div id=\"el-3681359b\" class=\"vce-text-block-wrapper vce\" data-vce-do-apply=\"all el-3681359b\"><p>Notre histoire s\u2019\u00e9crit jour apr\u00e8s jour. Pour rester en phase avec les attentes de nos clients, nous faisons \u00e9voluer nos produits pour leur donner plus de go\u00fbt, adopter des m\u00e9thodes de fabrication plus pointues, s\u00e9lectionner des mati\u00e8res premi\u00e8res de premier choix. Depuis la fin de l\u2019ann\u00e9e 2013, les intol\u00e9rants au gluten peuvent profiter de ce plaisir, gr\u00e2ce \u00e0 une gamme sans gluten propos\u00e9e au sein de notre boulangerie.<\/p><\/div><\/div><\/div><\/div><\/div><\/div><\/div><div class=\"vce-row-container\"><div id=\"el-70eb05a4\" class=\"vce-row vce-row--col-gap-30 vce-row-columns--top vce-row-content--top\" data-vce-do-apply=\"all el-70eb05a4\">\u00a0<\/div><\/div>\t\t\t\t\t\t<\/div>\n\t\t\t\t<\/div>\n\t\t\t\t\t<\/div>\n\t\t<\/div>\n\t\t\t\t<div class=\"elementor-column elementor-col-50 elementor-top-column elementor-element elementor-element-dddfda7\" data-id=\"dddfda7\" data-element_type=\"column\">\n\t\t\t<div class=\"elementor-widget-wrap elementor-element-populated\">\n\t\t\t\t\t\t\t\t<div class=\"elementor-element elementor-element-0c56fac elementor-widget elementor-widget-image\" data-id=\"0c56fac\" data-element_type=\"widget\" data-widget_type=\"image.default\">\n\t\t\t\t<div class=\"elementor-widget-container\">\n\t\t\t\t\t\t\t\t\t\t\t\t\t\t\t<img decoding=\"async\" loading=\"lazy\" width=\"1410\" height=\"1350\" src=\"https:\/\/maison-kayser.ma\/wp-content\/uploads\/2023\/09\/sans-gluten.jpg\" class=\"attachment-full size-full wp-image-359\" alt=\"\" srcset=\"https:\/\/maison-kayser.ma\/wp-content\/uploads\/2023\/09\/sans-gluten.jpg 1410w, https:\/\/maison-kayser.ma\/wp-content\/uploads\/2023\/09\/sans-gluten-300x287.jpg 300w, https:\/\/maison-kayser.ma\/wp-content\/uploads\/2023\/09\/sans-gluten-1024x980.jpg 1024w, https:\/\/maison-kayser.ma\/wp-content\/uploads\/2023\/09\/sans-gluten-768x735.jpg 768w, https:\/\/maison-kayser.ma\/wp-content\/uploads\/2023\/09\/sans-gluten-650x622.jpg 650w\" sizes=\"(max-width: 1410px) 100vw, 1410px\" \/>\t\t\t\t\t\t\t\t\t\t\t\t\t\t\t<\/div>\n\t\t\t\t<\/div>\n\t\t\t\t\t<\/div>\n\t\t<\/div>\n\t\t\t\t\t\t\t<\/div>\n\t\t<\/section>\n\t\t\t\t\t\t\t<\/div>\n\t\t","protected":false},"excerpt":{"rendered":"<p>Notre Histoire L&rsquo;histoire de la Maison Kayser a commenc\u00e9 \u00e0 s&rsquo;\u00e9crire au 8 rue Monge un certain vendredi 13 septembre 1996, ce [&hellip;]<\/p>\n","protected":false},"author":1,"featured_media":153,"parent":0,"menu_order":0,"comment_status":"closed","ping_status":"closed","template":"","meta":{"footnotes":""},"_links":{"self":[{"href":"https:\/\/maison-kayser.ma\/index.php\/wp-json\/wp\/v2\/pages\/222"}],"collection":[{"href":"https:\/\/maison-kayser.ma\/index.php\/wp-json\/wp\/v2\/pages"}],"about":[{"href":"https:\/\/maison-kayser.ma\/index.php\/wp-json\/wp\/v2\/types\/page"}],"author":[{"embeddable":true,"href":"https:\/\/maison-kayser.ma\/index.php\/wp-json\/wp\/v2\/users\/1"}],"replies":[{"embeddable":true,"href":"https:\/\/maison-kayser.ma\/index.php\/wp-json\/wp\/v2\/comments?post=222"}],"version-history":[{"count":23,"href":"https:\/\/maison-kayser.ma\/index.php\/wp-json\/wp\/v2\/pages\/222\/revisions"}],"predecessor-version":[{"id":624,"href":"https:\/\/maison-kayser.ma\/index.php\/wp-json\/wp\/v2\/pages\/222\/revisions\/624"}],"wp:featuredmedia":[{"embeddable":true,"href":"https:\/\/maison-kayser.ma\/index.php\/wp-json\/wp\/v2\/media\/153"}],"wp:attachment":[{"href":"https:\/\/maison-kayser.ma\/index.php\/wp-json\/wp\/v2\/media?parent=222"}],"curies":[{"name":"wp","href":"https:\/\/api.w.org\/{rel}","templated":true}]}}